{"id":10797,"date":"2025-09-19T07:41:00","date_gmt":"2025-09-19T07:41:00","guid":{"rendered":"https:\/\/flor-dessins.fr\/?product=illustration-line-flor"},"modified":"2026-04-07T11:12:18","modified_gmt":"2026-04-07T11:12:18","slug":"illustration-line-flor","status":"publish","type":"product","link":"https:\/\/flor-dessins.fr\/?product=illustration-line-flor","title":{"rendered":"Illustration : LINE FLOR"},"content":{"rendered":"<p>Le Line Flor est un dessin minimaliste repr\u00e9sentant simplement les contours et d\u00e9tails importants de l&rsquo;animal.<\/p>\n<p>Aucune couleur, texture ou ombre sur ce style, seulement des lignes.<\/p>\n<p>Il est disponible en format \u00ab\u00a0ma t\u00eate\u00a0\u00bb ou \u00ab\u00a0corps entier\u00a0\u00bb<\/p>\n<p>Uniquement sur fond blanc.<\/p>\n","protected":false},"excerpt":{"rendered":"<p><strong>Explorez la beaut\u00e9 de l&rsquo;art minimaliste avec nos illustrations num\u00e9riques d&rsquo;animaux en line art. Ces cr\u00e9ations en ligne sont con\u00e7ues pour capturer la simplicit\u00e9 et l&rsquo;\u00e9l\u00e9gance, mettant en avant l&rsquo;essence de vos animaux de compagnie. Le style line art r\u00e9duit chaque illustration \u00e0 ses traits essentiels, cr\u00e9ant une esth\u00e9tique \u00e9pur\u00e9e qui parle au c\u0153ur. Personnalisez chaque d\u00e9tail en toute simplicit\u00e9 et partagez vos cr\u00e9ations pour \u00e9merveiller votre entourage. Nos illustrations en line art sont une mani\u00e8re artistique de c\u00e9l\u00e9brer la beaut\u00e9 en toute modestie. Plongez dans le monde de l&rsquo;art en ligne d\u00e8s aujourd&rsquo;hui et d\u00e9couvrez la magie de la simplicit\u00e9 artistique.<\/strong><\/p>\n<p><strong>Pour cette cat\u00e9gorie d\u2019illustration, il est essentiel de nous fournir une photo de votre animal avec sa t\u00eate clairement orient\u00e9e vers l\u2019avant, une luminosit\u00e9 optimale et une qualit\u00e9 exceptionnelle. Si la photo ne satisfait pas \u00e0 ces exigences, FLOR vous contactera pour obtenir une image de meilleure qualit\u00e9.<\/strong><\/p>\n<p><span style=\"color: #ff0000\"><strong><br \/>\nIMPORTANT : Envoyez nous vos photos par mail \u00e0 l&rsquo;adresse suivante : contact@flor-dessins.fr (merci d&rsquo;indiquer votre num\u00e9ro de commande)<br \/>\n<\/strong><\/span><\/p>\n","protected":false},"featured_media":1146,"template":"","meta":{"_monsterinsights_skip_tracking":false,"_monsterinsights_sitenote_active":false,"_monsterinsights_sitenote_note":"","_monsterinsights_sitenote_category":0,"site-sidebar-layout":"default","site-content-layout":"","ast-site-content-layout":"default","site-content-style":"default","site-sidebar-style":"default","ast-global-header-display":"","ast-banner-title-visibility":"","ast-main-header-display":"","ast-hfb-above-header-display":"","ast-hfb-below-header-display":"","ast-hfb-mobile-header-display":"","site-post-title":"","ast-breadcrumbs-content":"","ast-featured-img":"","footer-sml-layout":"","ast-disable-related-posts":"","theme-transparent-header-meta":"default","adv-header-id-meta":"","stick-header-meta":"","header-above-stick-meta":"","header-main-stick-meta":"","header-below-stick-meta":"","astra-migrate-meta-layouts":"set","ast-page-background-enabled":"default","ast-page-background-meta":{"desktop":{"background-color":"var(--ast-global-color-4)","background-image":"","background-repeat":"repeat","background-position":"center center","background-size":"auto","background-attachment":"scroll","background-type":"","background-media":"","overlay-type":"","overlay-color":"","overlay-opacity":"","overlay-gradient":""},"tablet":{"background-color":"","background-image":"","background-repeat":"repeat","background-position":"center center","background-size":"auto","background-attachment":"scroll","background-type":"","background-media":"","overlay-type":"","overlay-color":"","overlay-opacity":"","overlay-gradient":""},"mobile":{"background-color":"","background-image":"","background-repeat":"repeat","background-position":"center center","background-size":"auto","background-attachment":"scroll","background-type":"","background-media":"","overlay-type":"","overlay-color":"","overlay-opacity":"","overlay-gradient":""}},"ast-content-background-meta":{"desktop":{"background-color":"var(--ast-global-color-5)","background-image":"","background-repeat":"repeat","background-position":"center center","background-size":"auto","background-attachment":"scroll","background-type":"","background-media":"","overlay-type":"","overlay-color":"","overlay-opacity":"","overlay-gradient":""},"tablet":{"background-color":"var(--ast-global-color-5)","background-image":"","background-repeat":"repeat","background-position":"center center","background-size":"auto","background-attachment":"scroll","background-type":"","background-media":"","overlay-type":"","overlay-color":"","overlay-opacity":"","overlay-gradient":""},"mobile":{"background-color":"var(--ast-global-color-5)","background-image":"","background-repeat":"repeat","background-position":"center center","background-size":"auto","background-attachment":"scroll","background-type":"","background-media":"","overlay-type":"","overlay-color":"","overlay-opacity":"","overlay-gradient":""}},"_glsr_average":0,"_glsr_ranking":0,"_glsr_reviews":0},"product_brand":[],"product_cat":[204,23],"product_tag":[43,50,51,49,44],"class_list":{"0":"post-10797","1":"product","2":"type-product","3":"status-publish","4":"has-post-thumbnail","6":"product_cat-illustration-numerique","7":"product_cat-illustrations-numerique","8":"product_tag-illustration","9":"product_tag-line","10":"product_tag-lineflor","11":"product_tag-minimaliste","12":"product_tag-numerique","13":"product_shipping_class-numerique","14":"desktop-align-center","15":"tablet-align-left","16":"mobile-align-left","17":"fpd-variation-needed","19":"first","20":"instock","21":"shipping-taxable","22":"purchasable","23":"product-type-variable"},"yoast_head":"<!-- This site is optimized with the Yoast SEO plugin v27.3 - https:\/\/yoast.com\/product\/yoast-seo-wordpress\/ -->\n<title>Illustration : LINE FLOR -<\/title>\n<meta name=\"robots\" content=\"index, follow, max-snippet:-1, max-image-preview:large, max-video-preview:-1\" \/>\n<link rel=\"canonical\" href=\"https:\/\/flor-dessins.fr\/?product=illustration-line-flor\" \/>\n<meta property=\"og:locale\" content=\"fr_FR\" \/>\n<meta property=\"og:type\" content=\"article\" \/>\n<meta property=\"og:title\" content=\"Illustration : LINE FLOR -\" \/>\n<meta property=\"og:description\" content=\"Explorez la beaut\u00e9 de l&#039;art minimaliste avec nos illustrations num\u00e9riques d&#039;animaux en line art. Ces cr\u00e9ations en ligne sont con\u00e7ues pour capturer la simplicit\u00e9 et l&#039;\u00e9l\u00e9gance, mettant en avant l&#039;essence de vos animaux de compagnie. Le style line art r\u00e9duit chaque illustration \u00e0 ses traits essentiels, cr\u00e9ant une esth\u00e9tique \u00e9pur\u00e9e qui parle au c\u0153ur. Personnalisez chaque d\u00e9tail en toute simplicit\u00e9 et partagez vos cr\u00e9ations pour \u00e9merveiller votre entourage. Nos illustrations en line art sont une mani\u00e8re artistique de c\u00e9l\u00e9brer la beaut\u00e9 en toute modestie. Plongez dans le monde de l&#039;art en ligne d\u00e8s aujourd&#039;hui et d\u00e9couvrez la magie de la simplicit\u00e9 artistique.  Pour cette cat\u00e9gorie d\u2019illustration, il est essentiel de nous fournir une photo de votre animal avec sa t\u00eate clairement orient\u00e9e vers l\u2019avant, une luminosit\u00e9 optimale et une qualit\u00e9 exceptionnelle. Si la photo ne satisfait pas \u00e0 ces exigences, FLOR vous contactera pour obtenir une image de meilleure qualit\u00e9.   IMPORTANT : Envoyez nous vos photos par mail \u00e0 l&#039;adresse suivante : contact@flor-dessins.fr (merci d&#039;indiquer votre num\u00e9ro de commande)\" \/>\n<meta property=\"og:url\" content=\"https:\/\/flor-dessins.fr\/?product=illustration-line-flor\" \/>\n<meta property=\"article:modified_time\" content=\"2026-04-07T11:12:18+00:00\" \/>\n<meta property=\"og:image\" content=\"https:\/\/flor-dessins.fr\/wp-content\/uploads\/2023\/08\/image-produit-lineflor-3.jpg\" \/>\n\t<meta property=\"og:image:width\" content=\"1000\" \/>\n\t<meta property=\"og:image:height\" content=\"1000\" \/>\n\t<meta property=\"og:image:type\" content=\"image\/jpeg\" \/>\n<meta name=\"twitter:card\" content=\"summary_large_image\" \/>\n<meta name=\"twitter:label1\" content=\"Dur\u00e9e de lecture estim\u00e9e\" \/>\n\t<meta name=\"twitter:data1\" content=\"1 minute\" \/>\n<script type=\"application\/ld+json\" class=\"yoast-schema-graph\">{\"@context\":\"https:\\\/\\\/schema.org\",\"@graph\":[{\"@type\":\"WebPage\",\"@id\":\"https:\\\/\\\/flor-dessins.fr\\\/?product=illustration-line-flor\",\"url\":\"https:\\\/\\\/flor-dessins.fr\\\/?product=illustration-line-flor\",\"name\":\"Illustration : LINE FLOR -\",\"isPartOf\":{\"@id\":\"https:\\\/\\\/flor-dessins.fr\\\/#website\"},\"primaryImageOfPage\":{\"@id\":\"https:\\\/\\\/flor-dessins.fr\\\/?product=illustration-line-flor#primaryimage\"},\"image\":{\"@id\":\"https:\\\/\\\/flor-dessins.fr\\\/?product=illustration-line-flor#primaryimage\"},\"thumbnailUrl\":\"https:\\\/\\\/flor-dessins.fr\\\/wp-content\\\/uploads\\\/2023\\\/08\\\/image-produit-lineflor-3.jpg\",\"datePublished\":\"2025-09-19T07:41:00+00:00\",\"dateModified\":\"2026-04-07T11:12:18+00:00\",\"breadcrumb\":{\"@id\":\"https:\\\/\\\/flor-dessins.fr\\\/?product=illustration-line-flor#breadcrumb\"},\"inLanguage\":\"fr-FR\",\"potentialAction\":[{\"@type\":\"ReadAction\",\"target\":[\"https:\\\/\\\/flor-dessins.fr\\\/?product=illustration-line-flor\"]}]},{\"@type\":\"ImageObject\",\"inLanguage\":\"fr-FR\",\"@id\":\"https:\\\/\\\/flor-dessins.fr\\\/?product=illustration-line-flor#primaryimage\",\"url\":\"https:\\\/\\\/flor-dessins.fr\\\/wp-content\\\/uploads\\\/2023\\\/08\\\/image-produit-lineflor-3.jpg\",\"contentUrl\":\"https:\\\/\\\/flor-dessins.fr\\\/wp-content\\\/uploads\\\/2023\\\/08\\\/image-produit-lineflor-3.jpg\",\"width\":1000,\"height\":1000},{\"@type\":\"BreadcrumbList\",\"@id\":\"https:\\\/\\\/flor-dessins.fr\\\/?product=illustration-line-flor#breadcrumb\",\"itemListElement\":[{\"@type\":\"ListItem\",\"position\":1,\"name\":\"Accueil\",\"item\":\"https:\\\/\\\/flor-dessins.fr\\\/\"},{\"@type\":\"ListItem\",\"position\":2,\"name\":\"Boutique\",\"item\":\"https:\\\/\\\/flor-dessins.fr\\\/?page_id=5\"},{\"@type\":\"ListItem\",\"position\":3,\"name\":\"Illustration : LINE FLOR\"}]},{\"@type\":\"WebSite\",\"@id\":\"https:\\\/\\\/flor-dessins.fr\\\/#website\",\"url\":\"https:\\\/\\\/flor-dessins.fr\\\/\",\"name\":\"\",\"description\":\"LA COULEUR DE VOS SOUVENIRS\",\"potentialAction\":[{\"@type\":\"SearchAction\",\"target\":{\"@type\":\"EntryPoint\",\"urlTemplate\":\"https:\\\/\\\/flor-dessins.fr\\\/?s={search_term_string}\"},\"query-input\":{\"@type\":\"PropertyValueSpecification\",\"valueRequired\":true,\"valueName\":\"search_term_string\"}}],\"inLanguage\":\"fr-FR\"}]}<\/script>\n<!-- \/ Yoast SEO plugin. -->","yoast_head_json":{"title":"Illustration : LINE FLOR -","robots":{"index":"index","follow":"follow","max-snippet":"max-snippet:-1","max-image-preview":"max-image-preview:large","max-video-preview":"max-video-preview:-1"},"canonical":"https:\/\/flor-dessins.fr\/?product=illustration-line-flor","og_locale":"fr_FR","og_type":"article","og_title":"Illustration : LINE FLOR -","og_description":"Explorez la beaut\u00e9 de l'art minimaliste avec nos illustrations num\u00e9riques d'animaux en line art. Ces cr\u00e9ations en ligne sont con\u00e7ues pour capturer la simplicit\u00e9 et l'\u00e9l\u00e9gance, mettant en avant l'essence de vos animaux de compagnie. Le style line art r\u00e9duit chaque illustration \u00e0 ses traits essentiels, cr\u00e9ant une esth\u00e9tique \u00e9pur\u00e9e qui parle au c\u0153ur. Personnalisez chaque d\u00e9tail en toute simplicit\u00e9 et partagez vos cr\u00e9ations pour \u00e9merveiller votre entourage. Nos illustrations en line art sont une mani\u00e8re artistique de c\u00e9l\u00e9brer la beaut\u00e9 en toute modestie. Plongez dans le monde de l'art en ligne d\u00e8s aujourd'hui et d\u00e9couvrez la magie de la simplicit\u00e9 artistique.  Pour cette cat\u00e9gorie d\u2019illustration, il est essentiel de nous fournir une photo de votre animal avec sa t\u00eate clairement orient\u00e9e vers l\u2019avant, une luminosit\u00e9 optimale et une qualit\u00e9 exceptionnelle. Si la photo ne satisfait pas \u00e0 ces exigences, FLOR vous contactera pour obtenir une image de meilleure qualit\u00e9.   IMPORTANT : Envoyez nous vos photos par mail \u00e0 l'adresse suivante : contact@flor-dessins.fr (merci d'indiquer votre num\u00e9ro de commande)","og_url":"https:\/\/flor-dessins.fr\/?product=illustration-line-flor","article_modified_time":"2026-04-07T11:12:18+00:00","og_image":[{"width":1000,"height":1000,"url":"https:\/\/flor-dessins.fr\/wp-content\/uploads\/2023\/08\/image-produit-lineflor-3.jpg","type":"image\/jpeg"}],"twitter_card":"summary_large_image","twitter_misc":{"Dur\u00e9e de lecture estim\u00e9e":"1 minute"},"schema":{"@context":"https:\/\/schema.org","@graph":[{"@type":"WebPage","@id":"https:\/\/flor-dessins.fr\/?product=illustration-line-flor","url":"https:\/\/flor-dessins.fr\/?product=illustration-line-flor","name":"Illustration : LINE FLOR -","isPartOf":{"@id":"https:\/\/flor-dessins.fr\/#website"},"primaryImageOfPage":{"@id":"https:\/\/flor-dessins.fr\/?product=illustration-line-flor#primaryimage"},"image":{"@id":"https:\/\/flor-dessins.fr\/?product=illustration-line-flor#primaryimage"},"thumbnailUrl":"https:\/\/flor-dessins.fr\/wp-content\/uploads\/2023\/08\/image-produit-lineflor-3.jpg","datePublished":"2025-09-19T07:41:00+00:00","dateModified":"2026-04-07T11:12:18+00:00","breadcrumb":{"@id":"https:\/\/flor-dessins.fr\/?product=illustration-line-flor#breadcrumb"},"inLanguage":"fr-FR","potentialAction":[{"@type":"ReadAction","target":["https:\/\/flor-dessins.fr\/?product=illustration-line-flor"]}]},{"@type":"ImageObject","inLanguage":"fr-FR","@id":"https:\/\/flor-dessins.fr\/?product=illustration-line-flor#primaryimage","url":"https:\/\/flor-dessins.fr\/wp-content\/uploads\/2023\/08\/image-produit-lineflor-3.jpg","contentUrl":"https:\/\/flor-dessins.fr\/wp-content\/uploads\/2023\/08\/image-produit-lineflor-3.jpg","width":1000,"height":1000},{"@type":"BreadcrumbList","@id":"https:\/\/flor-dessins.fr\/?product=illustration-line-flor#breadcrumb","itemListElement":[{"@type":"ListItem","position":1,"name":"Accueil","item":"https:\/\/flor-dessins.fr\/"},{"@type":"ListItem","position":2,"name":"Boutique","item":"https:\/\/flor-dessins.fr\/?page_id=5"},{"@type":"ListItem","position":3,"name":"Illustration : LINE FLOR"}]},{"@type":"WebSite","@id":"https:\/\/flor-dessins.fr\/#website","url":"https:\/\/flor-dessins.fr\/","name":"","description":"LA COULEUR DE VOS SOUVENIRS","potentialAction":[{"@type":"SearchAction","target":{"@type":"EntryPoint","urlTemplate":"https:\/\/flor-dessins.fr\/?s={search_term_string}"},"query-input":{"@type":"PropertyValueSpecification","valueRequired":true,"valueName":"search_term_string"}}],"inLanguage":"fr-FR"}]}},"jetpack_sharing_enabled":true,"_links":{"self":[{"href":"https:\/\/flor-dessins.fr\/index.php?rest_route=\/wp\/v2\/product\/10797","targetHints":{"allow":["GET"]}}],"collection":[{"href":"https:\/\/flor-dessins.fr\/index.php?rest_route=\/wp\/v2\/product"}],"about":[{"href":"https:\/\/flor-dessins.fr\/index.php?rest_route=\/wp\/v2\/types\/product"}],"wp:featuredmedia":[{"embeddable":true,"href":"https:\/\/flor-dessins.fr\/index.php?rest_route=\/wp\/v2\/media\/1146"}],"wp:attachment":[{"href":"https:\/\/flor-dessins.fr\/index.php?rest_route=%2Fwp%2Fv2%2Fmedia&parent=10797"}],"wp:term":[{"taxonomy":"product_brand","embeddable":true,"href":"https:\/\/flor-dessins.fr\/index.php?rest_route=%2Fwp%2Fv2%2Fproduct_brand&post=10797"},{"taxonomy":"product_cat","embeddable":true,"href":"https:\/\/flor-dessins.fr\/index.php?rest_route=%2Fwp%2Fv2%2Fproduct_cat&post=10797"},{"taxonomy":"product_tag","embeddable":true,"href":"https:\/\/flor-dessins.fr\/index.php?rest_route=%2Fwp%2Fv2%2Fproduct_tag&post=10797"}],"curies":[{"name":"wp","href":"https:\/\/api.w.org\/{rel}","templated":true}]}}