{"id":6167,"date":"2025-04-20T13:14:11","date_gmt":"2025-04-20T13:14:11","guid":{"rendered":"https:\/\/flor-dessins.fr\/?post_type=product&#038;p=6167"},"modified":"2026-02-17T11:38:30","modified_gmt":"2026-02-17T11:38:30","slug":"panier-de-rangement","status":"publish","type":"product","link":"https:\/\/flor-dessins.fr\/?product=panier-de-rangement","title":{"rendered":"Panier de rangement"},"content":{"rendered":"<p class=\"\" data-start=\"92\" data-end=\"152\"><strong data-start=\"92\" data-end=\"152\">Panier de Rangement 100% Coton \u2013 Pratique, Doux et Styl\u00e9<\/strong><\/p>\n<p data-start=\"92\" data-end=\"152\">Pour toute demande de personnalisation unique, merci de remplir ce formulaire pour obtenir un devis personnalis\u00e9 : <a style=\"font-size: 16px; background-color: #ffffff;\" href=\"https:\/\/flor-dessins.fr\/?page_id=6457\">https:\/\/flor-dessins.fr\/?page_id=6457<\/a><\/p>\n<p class=\"\" data-start=\"154\" data-end=\"438\">Organisez votre int\u00e9rieur avec style gr\u00e2ce \u00e0 notre panier de rangement en coton 100% naturel. Souple mais robuste, il est id\u00e9al pour ranger jouets, linge, accessoires ou petits tr\u00e9sors du quotidien.<br data-start=\"352\" data-end=\"355\" \/>Disponible en plusieurs designs inspir\u00e9s pour s&rsquo;accorder \u00e0 toutes les ambiances :<\/p>\n<p class=\"\" data-start=\"440\" data-end=\"732\">\ud83c\udf38 <strong data-start=\"443\" data-end=\"453\">FLOWER<\/strong> \u2013 Des notes fleuries pour une d\u00e9co fra\u00eeche et d\u00e9licate.<br data-start=\"509\" data-end=\"512\" \/>\u2600\ufe0f <strong data-start=\"515\" data-end=\"525\">SUMMER<\/strong> \u2013 Une touche solaire pour illuminer votre espace.<br data-start=\"575\" data-end=\"578\" \/>\ud83c\udf49 <strong data-start=\"581\" data-end=\"601\">SALADE DE FRUITS<\/strong> \u2013 Des couleurs p\u00e9tillantes pour dynamiser votre int\u00e9rieur.<br data-start=\"660\" data-end=\"663\" \/>\ud83d\udc3e <strong data-start=\"666\" data-end=\"684\">OUTDOG THERAPY<\/strong> \u2013 L&rsquo;appel de la nature dans votre d\u00e9coration.<\/p>\n<p class=\"\" data-start=\"734\" data-end=\"851\">\u00c9coresponsable, esth\u00e9tique et fonctionnel : le panier indispensable pour un int\u00e9rieur bien rang\u00e9 et plein de charme !<\/p>\n<p><span style=\"font-size: 16px;\">Caract\u00e9ristiques : Anses lourdes de 50cm. Dimensions : S: 30x30cm &#8211; M : 40x40cm &#8211; L : 40x60cm.<\/span><\/p>\n<p>Composition : 100% coton canvas<\/p>\n<p>&nbsp;<\/p>\n","protected":false},"excerpt":{"rendered":"<p class=\"\" data-start=\"92\" data-end=\"152\"><strong data-start=\"92\" data-end=\"152\">Panier de Rangement 100% Coton \u2013 Pratique, Doux et Styl\u00e9<\/strong><\/p>\n<p data-start=\"92\" data-end=\"152\"><strong data-start=\"3501\" data-end=\"3617\">IMPORTANT : <em>PRE COMMANDE DU 11\/07 au 25\/07 &#8211; expedition\u00a0 courant aout <\/em>. Merci de votre compr\u00e9hension.<\/strong><strong data-start=\"146\" data-end=\"161\">\u00a0<\/strong>Pour toute demande de personnalisation unique, merci de remplir ce formulaire pour obtenir un devis personnalis\u00e9 : <a style=\"font-size: 16px; background-color: #ffffff;\" href=\"https:\/\/flor-dessins.fr\/?page_id=6457\">https:\/\/flor-dessins.fr\/?page_id=6457<\/a><\/p>\n<p class=\"\" data-start=\"154\" data-end=\"438\">Organisez votre int\u00e9rieur avec style gr\u00e2ce \u00e0 notre panier de rangement en coton 100% naturel. Souple mais robuste, il est id\u00e9al pour ranger jouets, linge, accessoires ou petits tr\u00e9sors du quotidien.<br data-start=\"352\" data-end=\"355\" \/>Disponible en plusieurs designs inspir\u00e9s pour s&rsquo;accorder \u00e0 toutes les ambiances :<\/p>\n<p class=\"\" data-start=\"440\" data-end=\"732\">\ud83c\udf38 <strong data-start=\"443\" data-end=\"453\">FLOWER<\/strong> \u2013 Des notes fleuries pour une d\u00e9co fra\u00eeche et d\u00e9licate.<br data-start=\"509\" data-end=\"512\" \/>\u2600\ufe0f <strong data-start=\"515\" data-end=\"525\">SUMMER<\/strong> \u2013 Une touche solaire pour illuminer votre espace.<br data-start=\"575\" data-end=\"578\" \/>\ud83c\udf49 <strong data-start=\"581\" data-end=\"601\">SALADE DE FRUITS<\/strong> \u2013 Des couleurs p\u00e9tillantes pour dynamiser votre int\u00e9rieur.<br data-start=\"660\" data-end=\"663\" \/>\ud83d\udc3e <strong data-start=\"666\" data-end=\"684\">OUTDOG THERAPY<\/strong> \u2013 L&rsquo;appel de la nature dans votre d\u00e9coration.<\/p>\n<p class=\"\" data-start=\"734\" data-end=\"851\">\u00c9coresponsable, esth\u00e9tique et fonctionnel : le panier indispensable pour un int\u00e9rieur bien rang\u00e9 et plein de charme !<\/p>\n<p><span style=\"font-size: 16px;\">Caract\u00e9ristiques : Anses lourdes de 50cm. Dimensions : S: 30x30cm &#8211; M : 40x40cm &#8211; L : 40x60cm.<\/span><\/p>\n<p>Composition : 100% coton canvas<\/p>\n","protected":false},"featured_media":7396,"template":"","meta":{"_monsterinsights_skip_tracking":false,"_monsterinsights_sitenote_active":false,"_monsterinsights_sitenote_note":"","_monsterinsights_sitenote_category":0,"site-sidebar-layout":"default","site-content-layout":"","ast-site-content-layout":"default","site-content-style":"default","site-sidebar-style":"default","ast-global-header-display":"","ast-banner-title-visibility":"","ast-main-header-display":"","ast-hfb-above-header-display":"","ast-hfb-below-header-display":"","ast-hfb-mobile-header-display":"","site-post-title":"","ast-breadcrumbs-content":"","ast-featured-img":"","footer-sml-layout":"","ast-disable-related-posts":"","theme-transparent-header-meta":"default","adv-header-id-meta":"","stick-header-meta":"","header-above-stick-meta":"","header-main-stick-meta":"","header-below-stick-meta":"","astra-migrate-meta-layouts":"set","ast-page-background-enabled":"default","ast-page-background-meta":{"desktop":{"background-color":"var(--ast-global-color-4)","background-image":"","background-repeat":"repeat","background-position":"center center","background-size":"auto","background-attachment":"scroll","background-type":"","background-media":"","overlay-type":"","overlay-color":"","overlay-opacity":"","overlay-gradient":""},"tablet":{"background-color":"","background-image":"","background-repeat":"repeat","background-position":"center center","background-size":"auto","background-attachment":"scroll","background-type":"","background-media":"","overlay-type":"","overlay-color":"","overlay-opacity":"","overlay-gradient":""},"mobile":{"background-color":"","background-image":"","background-repeat":"repeat","background-position":"center center","background-size":"auto","background-attachment":"scroll","background-type":"","background-media":"","overlay-type":"","overlay-color":"","overlay-opacity":"","overlay-gradient":""}},"ast-content-background-meta":{"desktop":{"background-color":"var(--ast-global-color-5)","background-image":"","background-repeat":"repeat","background-position":"center center","background-size":"auto","background-attachment":"scroll","background-type":"","background-media":"","overlay-type":"","overlay-color":"","overlay-opacity":"","overlay-gradient":""},"tablet":{"background-color":"var(--ast-global-color-5)","background-image":"","background-repeat":"repeat","background-position":"center center","background-size":"auto","background-attachment":"scroll","background-type":"","background-media":"","overlay-type":"","overlay-color":"","overlay-opacity":"","overlay-gradient":""},"mobile":{"background-color":"var(--ast-global-color-5)","background-image":"","background-repeat":"repeat","background-position":"center center","background-size":"auto","background-attachment":"scroll","background-type":"","background-media":"","overlay-type":"","overlay-color":"","overlay-opacity":"","overlay-gradient":""}},"_glsr_average":0,"_glsr_ranking":0,"_glsr_reviews":0},"product_brand":[],"product_cat":[145,155],"product_tag":[],"class_list":{"0":"post-6167","1":"product","2":"type-product","3":"status-publish","4":"has-post-thumbnail","6":"product_cat-les-collections","7":"product_cat-salade-de-fruits","8":"product_shipping_class-colissimo","9":"desktop-align-center","10":"tablet-align-left","11":"mobile-align-left","12":"fpd-variation-needed","14":"first","15":"outofstock","16":"shipping-taxable","17":"purchasable","18":"product-type-variable"},"yoast_head":"<!-- This site is optimized with the Yoast SEO plugin v27.3 - https:\/\/yoast.com\/product\/yoast-seo-wordpress\/ -->\n<title>Panier de rangement -<\/title>\n<meta name=\"description\" content=\"Panier de Rangement 100% Coton \u2013 Pratique, Doux et Styl\u00e9IMPORTANT : pr\u00e9commande du 27\/04 au 11\/05. Les commandes seront exp\u00e9di\u00e9es fin mai. Merci de votre compr\u00e9hension.\u00a0Pour toute demande de personnalisation unique, merci de remplir ce formulaire pour obtenir un devis personnalis\u00e9 : https:\/\/flor-dessins.fr\/?page_id=6457Organisez votre int\u00e9rieur avec style gr\u00e2ce \u00e0 notre panier de rangement en coton 100% naturel. Souple mais robuste, il est id\u00e9al pour ranger jouets, linge, accessoires ou petits tr\u00e9sors du quotidien.Disponible en plusieurs designs inspir\u00e9s pour s&#039;accorder \u00e0 toutes les ambiances :\ud83c\udf38 FLOWER \u2013 Des notes fleuries pour une d\u00e9co fra\u00eeche et d\u00e9licate.\u2600\ufe0f SUMMER \u2013 Une touche solaire pour illuminer votre espace.\ud83c\udf49 SALADE DE FRUITS \u2013 Des couleurs p\u00e9tillantes pour dynamiser votre int\u00e9rieur.\ud83d\udc3e OUTDOG THERAPY \u2013 L&#039;appel de la nature dans votre d\u00e9coration.\u00c9coresponsable, esth\u00e9tique et fonctionnel : le panier indispensable pour un int\u00e9rieur bien rang\u00e9 et plein de charme !Caract\u00e9ristiques : Anses lourdes de 50cm. Dimensions : S: 30x30cm - M : 40x40cm - L : 40x60cm.Composition : 100% coton canvas\" \/>\n<meta name=\"robots\" content=\"index, follow, max-snippet:-1, max-image-preview:large, max-video-preview:-1\" \/>\n<link rel=\"canonical\" href=\"https:\/\/flor-dessins.fr\/?product=panier-de-rangement\" \/>\n<meta property=\"og:locale\" content=\"fr_FR\" \/>\n<meta property=\"og:type\" content=\"article\" \/>\n<meta property=\"og:title\" content=\"Panier de rangement -\" \/>\n<meta property=\"og:description\" content=\"Panier de Rangement 100% Coton \u2013 Pratique, Doux et Styl\u00e9IMPORTANT : pr\u00e9commande du 27\/04 au 11\/05. Les commandes seront exp\u00e9di\u00e9es fin mai. Merci de votre compr\u00e9hension.\u00a0Pour toute demande de personnalisation unique, merci de remplir ce formulaire pour obtenir un devis personnalis\u00e9 : https:\/\/flor-dessins.fr\/?page_id=6457Organisez votre int\u00e9rieur avec style gr\u00e2ce \u00e0 notre panier de rangement en coton 100% naturel. Souple mais robuste, il est id\u00e9al pour ranger jouets, linge, accessoires ou petits tr\u00e9sors du quotidien.Disponible en plusieurs designs inspir\u00e9s pour s&#039;accorder \u00e0 toutes les ambiances :\ud83c\udf38 FLOWER \u2013 Des notes fleuries pour une d\u00e9co fra\u00eeche et d\u00e9licate.\u2600\ufe0f SUMMER \u2013 Une touche solaire pour illuminer votre espace.\ud83c\udf49 SALADE DE FRUITS \u2013 Des couleurs p\u00e9tillantes pour dynamiser votre int\u00e9rieur.\ud83d\udc3e OUTDOG THERAPY \u2013 L&#039;appel de la nature dans votre d\u00e9coration.\u00c9coresponsable, esth\u00e9tique et fonctionnel : le panier indispensable pour un int\u00e9rieur bien rang\u00e9 et plein de charme !Caract\u00e9ristiques : Anses lourdes de 50cm. Dimensions : S: 30x30cm - M : 40x40cm - L : 40x60cm.Composition : 100% coton canvas\" \/>\n<meta property=\"og:url\" content=\"https:\/\/flor-dessins.fr\/?product=panier-de-rangement\" \/>\n<meta property=\"article:modified_time\" content=\"2026-02-17T11:38:30+00:00\" \/>\n<meta property=\"og:image\" content=\"https:\/\/flor-dessins.fr\/wp-content\/uploads\/2025\/04\/7-1.png\" \/>\n\t<meta property=\"og:image:width\" content=\"1080\" \/>\n\t<meta property=\"og:image:height\" content=\"1080\" \/>\n\t<meta property=\"og:image:type\" content=\"image\/png\" \/>\n<meta name=\"twitter:card\" content=\"summary_large_image\" \/>\n<meta name=\"twitter:label1\" content=\"Dur\u00e9e de lecture estim\u00e9e\" \/>\n\t<meta name=\"twitter:data1\" content=\"1 minute\" \/>\n<script type=\"application\/ld+json\" class=\"yoast-schema-graph\">{\"@context\":\"https:\\\/\\\/schema.org\",\"@graph\":[{\"@type\":\"WebPage\",\"@id\":\"https:\\\/\\\/flor-dessins.fr\\\/?product=panier-de-rangement\",\"url\":\"https:\\\/\\\/flor-dessins.fr\\\/?product=panier-de-rangement\",\"name\":\"Panier de rangement -\",\"isPartOf\":{\"@id\":\"https:\\\/\\\/flor-dessins.fr\\\/#website\"},\"primaryImageOfPage\":{\"@id\":\"https:\\\/\\\/flor-dessins.fr\\\/?product=panier-de-rangement#primaryimage\"},\"image\":{\"@id\":\"https:\\\/\\\/flor-dessins.fr\\\/?product=panier-de-rangement#primaryimage\"},\"thumbnailUrl\":\"https:\\\/\\\/flor-dessins.fr\\\/wp-content\\\/uploads\\\/2025\\\/04\\\/7-1.png\",\"datePublished\":\"2025-04-20T13:14:11+00:00\",\"dateModified\":\"2026-02-17T11:38:30+00:00\",\"description\":\"Panier de Rangement 100% Coton \u2013 Pratique, Doux et Styl\u00e9IMPORTANT : pr\u00e9commande du 27\\\/04 au 11\\\/05. Les commandes seront exp\u00e9di\u00e9es fin mai. Merci de votre compr\u00e9hension.\u00a0Pour toute demande de personnalisation unique, merci de remplir ce formulaire pour obtenir un devis personnalis\u00e9 : https:\\\/\\\/flor-dessins.fr\\\/?page_id=6457Organisez votre int\u00e9rieur avec style gr\u00e2ce \u00e0 notre panier de rangement en coton 100% naturel. Souple mais robuste, il est id\u00e9al pour ranger jouets, linge, accessoires ou petits tr\u00e9sors du quotidien.Disponible en plusieurs designs inspir\u00e9s pour s'accorder \u00e0 toutes les ambiances :\ud83c\udf38 FLOWER \u2013 Des notes fleuries pour une d\u00e9co fra\u00eeche et d\u00e9licate.\u2600\ufe0f SUMMER \u2013 Une touche solaire pour illuminer votre espace.\ud83c\udf49 SALADE DE FRUITS \u2013 Des couleurs p\u00e9tillantes pour dynamiser votre int\u00e9rieur.\ud83d\udc3e OUTDOG THERAPY \u2013 L'appel de la nature dans votre d\u00e9coration.\u00c9coresponsable, esth\u00e9tique et fonctionnel : le panier indispensable pour un int\u00e9rieur bien rang\u00e9 et plein de charme !Caract\u00e9ristiques : Anses lourdes de 50cm. Dimensions : S: 30x30cm - M : 40x40cm - L : 40x60cm.Composition : 100% coton canvas\",\"breadcrumb\":{\"@id\":\"https:\\\/\\\/flor-dessins.fr\\\/?product=panier-de-rangement#breadcrumb\"},\"inLanguage\":\"fr-FR\",\"potentialAction\":[{\"@type\":\"ReadAction\",\"target\":[\"https:\\\/\\\/flor-dessins.fr\\\/?product=panier-de-rangement\"]}]},{\"@type\":\"ImageObject\",\"inLanguage\":\"fr-FR\",\"@id\":\"https:\\\/\\\/flor-dessins.fr\\\/?product=panier-de-rangement#primaryimage\",\"url\":\"https:\\\/\\\/flor-dessins.fr\\\/wp-content\\\/uploads\\\/2025\\\/04\\\/7-1.png\",\"contentUrl\":\"https:\\\/\\\/flor-dessins.fr\\\/wp-content\\\/uploads\\\/2025\\\/04\\\/7-1.png\",\"width\":1080,\"height\":1080},{\"@type\":\"BreadcrumbList\",\"@id\":\"https:\\\/\\\/flor-dessins.fr\\\/?product=panier-de-rangement#breadcrumb\",\"itemListElement\":[{\"@type\":\"ListItem\",\"position\":1,\"name\":\"Accueil\",\"item\":\"https:\\\/\\\/flor-dessins.fr\\\/\"},{\"@type\":\"ListItem\",\"position\":2,\"name\":\"Boutique\",\"item\":\"https:\\\/\\\/flor-dessins.fr\\\/?page_id=5\"},{\"@type\":\"ListItem\",\"position\":3,\"name\":\"Panier de rangement\"}]},{\"@type\":\"WebSite\",\"@id\":\"https:\\\/\\\/flor-dessins.fr\\\/#website\",\"url\":\"https:\\\/\\\/flor-dessins.fr\\\/\",\"name\":\"\",\"description\":\"LA COULEUR DE VOS SOUVENIRS\",\"potentialAction\":[{\"@type\":\"SearchAction\",\"target\":{\"@type\":\"EntryPoint\",\"urlTemplate\":\"https:\\\/\\\/flor-dessins.fr\\\/?s={search_term_string}\"},\"query-input\":{\"@type\":\"PropertyValueSpecification\",\"valueRequired\":true,\"valueName\":\"search_term_string\"}}],\"inLanguage\":\"fr-FR\"}]}<\/script>\n<!-- \/ Yoast SEO plugin. -->","yoast_head_json":{"title":"Panier de rangement -","description":"Panier de Rangement 100% Coton \u2013 Pratique, Doux et Styl\u00e9IMPORTANT : pr\u00e9commande du 27\/04 au 11\/05. Les commandes seront exp\u00e9di\u00e9es fin mai. Merci de votre compr\u00e9hension.\u00a0Pour toute demande de personnalisation unique, merci de remplir ce formulaire pour obtenir un devis personnalis\u00e9 : https:\/\/flor-dessins.fr\/?page_id=6457Organisez votre int\u00e9rieur avec style gr\u00e2ce \u00e0 notre panier de rangement en coton 100% naturel. Souple mais robuste, il est id\u00e9al pour ranger jouets, linge, accessoires ou petits tr\u00e9sors du quotidien.Disponible en plusieurs designs inspir\u00e9s pour s'accorder \u00e0 toutes les ambiances :\ud83c\udf38 FLOWER \u2013 Des notes fleuries pour une d\u00e9co fra\u00eeche et d\u00e9licate.\u2600\ufe0f SUMMER \u2013 Une touche solaire pour illuminer votre espace.\ud83c\udf49 SALADE DE FRUITS \u2013 Des couleurs p\u00e9tillantes pour dynamiser votre int\u00e9rieur.\ud83d\udc3e OUTDOG THERAPY \u2013 L'appel de la nature dans votre d\u00e9coration.\u00c9coresponsable, esth\u00e9tique et fonctionnel : le panier indispensable pour un int\u00e9rieur bien rang\u00e9 et plein de charme !Caract\u00e9ristiques : Anses lourdes de 50cm. Dimensions : S: 30x30cm - M : 40x40cm - L : 40x60cm.Composition : 100% coton canvas","robots":{"index":"index","follow":"follow","max-snippet":"max-snippet:-1","max-image-preview":"max-image-preview:large","max-video-preview":"max-video-preview:-1"},"canonical":"https:\/\/flor-dessins.fr\/?product=panier-de-rangement","og_locale":"fr_FR","og_type":"article","og_title":"Panier de rangement -","og_description":"Panier de Rangement 100% Coton \u2013 Pratique, Doux et Styl\u00e9IMPORTANT : pr\u00e9commande du 27\/04 au 11\/05. Les commandes seront exp\u00e9di\u00e9es fin mai. Merci de votre compr\u00e9hension.\u00a0Pour toute demande de personnalisation unique, merci de remplir ce formulaire pour obtenir un devis personnalis\u00e9 : https:\/\/flor-dessins.fr\/?page_id=6457Organisez votre int\u00e9rieur avec style gr\u00e2ce \u00e0 notre panier de rangement en coton 100% naturel. Souple mais robuste, il est id\u00e9al pour ranger jouets, linge, accessoires ou petits tr\u00e9sors du quotidien.Disponible en plusieurs designs inspir\u00e9s pour s'accorder \u00e0 toutes les ambiances :\ud83c\udf38 FLOWER \u2013 Des notes fleuries pour une d\u00e9co fra\u00eeche et d\u00e9licate.\u2600\ufe0f SUMMER \u2013 Une touche solaire pour illuminer votre espace.\ud83c\udf49 SALADE DE FRUITS \u2013 Des couleurs p\u00e9tillantes pour dynamiser votre int\u00e9rieur.\ud83d\udc3e OUTDOG THERAPY \u2013 L'appel de la nature dans votre d\u00e9coration.\u00c9coresponsable, esth\u00e9tique et fonctionnel : le panier indispensable pour un int\u00e9rieur bien rang\u00e9 et plein de charme !Caract\u00e9ristiques : Anses lourdes de 50cm. Dimensions : S: 30x30cm - M : 40x40cm - L : 40x60cm.Composition : 100% coton canvas","og_url":"https:\/\/flor-dessins.fr\/?product=panier-de-rangement","article_modified_time":"2026-02-17T11:38:30+00:00","og_image":[{"width":1080,"height":1080,"url":"https:\/\/flor-dessins.fr\/wp-content\/uploads\/2025\/04\/7-1.png","type":"image\/png"}],"twitter_card":"summary_large_image","twitter_misc":{"Dur\u00e9e de lecture estim\u00e9e":"1 minute"},"schema":{"@context":"https:\/\/schema.org","@graph":[{"@type":"WebPage","@id":"https:\/\/flor-dessins.fr\/?product=panier-de-rangement","url":"https:\/\/flor-dessins.fr\/?product=panier-de-rangement","name":"Panier de rangement -","isPartOf":{"@id":"https:\/\/flor-dessins.fr\/#website"},"primaryImageOfPage":{"@id":"https:\/\/flor-dessins.fr\/?product=panier-de-rangement#primaryimage"},"image":{"@id":"https:\/\/flor-dessins.fr\/?product=panier-de-rangement#primaryimage"},"thumbnailUrl":"https:\/\/flor-dessins.fr\/wp-content\/uploads\/2025\/04\/7-1.png","datePublished":"2025-04-20T13:14:11+00:00","dateModified":"2026-02-17T11:38:30+00:00","description":"Panier de Rangement 100% Coton \u2013 Pratique, Doux et Styl\u00e9IMPORTANT : pr\u00e9commande du 27\/04 au 11\/05. Les commandes seront exp\u00e9di\u00e9es fin mai. Merci de votre compr\u00e9hension.\u00a0Pour toute demande de personnalisation unique, merci de remplir ce formulaire pour obtenir un devis personnalis\u00e9 : https:\/\/flor-dessins.fr\/?page_id=6457Organisez votre int\u00e9rieur avec style gr\u00e2ce \u00e0 notre panier de rangement en coton 100% naturel. Souple mais robuste, il est id\u00e9al pour ranger jouets, linge, accessoires ou petits tr\u00e9sors du quotidien.Disponible en plusieurs designs inspir\u00e9s pour s'accorder \u00e0 toutes les ambiances :\ud83c\udf38 FLOWER \u2013 Des notes fleuries pour une d\u00e9co fra\u00eeche et d\u00e9licate.\u2600\ufe0f SUMMER \u2013 Une touche solaire pour illuminer votre espace.\ud83c\udf49 SALADE DE FRUITS \u2013 Des couleurs p\u00e9tillantes pour dynamiser votre int\u00e9rieur.\ud83d\udc3e OUTDOG THERAPY \u2013 L'appel de la nature dans votre d\u00e9coration.\u00c9coresponsable, esth\u00e9tique et fonctionnel : le panier indispensable pour un int\u00e9rieur bien rang\u00e9 et plein de charme !Caract\u00e9ristiques : Anses lourdes de 50cm. Dimensions : S: 30x30cm - M : 40x40cm - L : 40x60cm.Composition : 100% coton canvas","breadcrumb":{"@id":"https:\/\/flor-dessins.fr\/?product=panier-de-rangement#breadcrumb"},"inLanguage":"fr-FR","potentialAction":[{"@type":"ReadAction","target":["https:\/\/flor-dessins.fr\/?product=panier-de-rangement"]}]},{"@type":"ImageObject","inLanguage":"fr-FR","@id":"https:\/\/flor-dessins.fr\/?product=panier-de-rangement#primaryimage","url":"https:\/\/flor-dessins.fr\/wp-content\/uploads\/2025\/04\/7-1.png","contentUrl":"https:\/\/flor-dessins.fr\/wp-content\/uploads\/2025\/04\/7-1.png","width":1080,"height":1080},{"@type":"BreadcrumbList","@id":"https:\/\/flor-dessins.fr\/?product=panier-de-rangement#breadcrumb","itemListElement":[{"@type":"ListItem","position":1,"name":"Accueil","item":"https:\/\/flor-dessins.fr\/"},{"@type":"ListItem","position":2,"name":"Boutique","item":"https:\/\/flor-dessins.fr\/?page_id=5"},{"@type":"ListItem","position":3,"name":"Panier de rangement"}]},{"@type":"WebSite","@id":"https:\/\/flor-dessins.fr\/#website","url":"https:\/\/flor-dessins.fr\/","name":"","description":"LA COULEUR DE VOS SOUVENIRS","potentialAction":[{"@type":"SearchAction","target":{"@type":"EntryPoint","urlTemplate":"https:\/\/flor-dessins.fr\/?s={search_term_string}"},"query-input":{"@type":"PropertyValueSpecification","valueRequired":true,"valueName":"search_term_string"}}],"inLanguage":"fr-FR"}]}},"jetpack_sharing_enabled":true,"_links":{"self":[{"href":"https:\/\/flor-dessins.fr\/index.php?rest_route=\/wp\/v2\/product\/6167","targetHints":{"allow":["GET"]}}],"collection":[{"href":"https:\/\/flor-dessins.fr\/index.php?rest_route=\/wp\/v2\/product"}],"about":[{"href":"https:\/\/flor-dessins.fr\/index.php?rest_route=\/wp\/v2\/types\/product"}],"wp:featuredmedia":[{"embeddable":true,"href":"https:\/\/flor-dessins.fr\/index.php?rest_route=\/wp\/v2\/media\/7396"}],"wp:attachment":[{"href":"https:\/\/flor-dessins.fr\/index.php?rest_route=%2Fwp%2Fv2%2Fmedia&parent=6167"}],"wp:term":[{"taxonomy":"product_brand","embeddable":true,"href":"https:\/\/flor-dessins.fr\/index.php?rest_route=%2Fwp%2Fv2%2Fproduct_brand&post=6167"},{"taxonomy":"product_cat","embeddable":true,"href":"https:\/\/flor-dessins.fr\/index.php?rest_route=%2Fwp%2Fv2%2Fproduct_cat&post=6167"},{"taxonomy":"product_tag","embeddable":true,"href":"https:\/\/flor-dessins.fr\/index.php?rest_route=%2Fwp%2Fv2%2Fproduct_tag&post=6167"}],"curies":[{"name":"wp","href":"https:\/\/api.w.org\/{rel}","templated":true}]}}